at is the highest common divisor of 22021 and 774761?
61
Calculate the highest common divisor of 4976954 and 578.
34
Calculate the highest common divisor of 3794490 and 2711205.
5985
What is the greatest common factor of 51837276 and 12?
12
Calculate the highest common divisor of 2720 and 102885.
5
Calculate the greatest common divisor of 8172611 and 1.
1
What is the highest common factor of 26854024 and 1777?
1777
Calculate the highest common factor of 2314 and 16176462.
178
Calculate the greatest common divisor of 3203262 and 72.
18
What is the highest common factor of 2684196 and 1872?
36
What is the greatest common factor of 420 and 1942266270?
210
What is the greatest common divisor of 21112 and 45604?
52
What is the highest common divisor of 28 and 12735772?
28
What is the highest common factor of 29015 and 327705?
35
Calculate the highest common factor of 10261317 and 33.
33
What is the highest common factor of 2021786 and 962?
26
Calculate the greatest common factor of 89329165 and 830.
415
Calculate the greatest common factor of 17 and 32124441.
17
Calculate the greatest common factor of 17216 and 24872.
8
Calculate the greatest common divisor of 2489 and 1200952.
19
Calculate the greatest common factor of 41 and 107057.
1
What is the highest common divisor of 1551 and 34317567?
141
Calculate the highest common divisor of 13545 and 218070.
45
Calculate the greatest common divisor of 89778 and 84994.
26
What is the highest common factor of 4171 and 658029?
43
Calculate the greatest common factor of 462096 and 2368.
16
Calculate the greatest common divisor of 314717256 and 68574.
6234
What is the greatest common divisor of 33438450 and 4550?
50
Calculate the highest common factor of 43035 and 58346400.
2265
What is the highest common divisor of 1595863 and 1?
1
What is the highest common factor of 5264 and 63595700?
1316
Calculate the greatest common factor of 168041455 and 21380.
5345
Calculate the highest common divisor of 23578173 and 217171.
2749
What is the greatest common divisor of 297780 and 5691?
21
Calculate the greatest common divisor of 78514 and 16946.
74
What is the highest common divisor of 495392 and 93160?
1096
Calculate the highest common divisor of 5277071 and 5255.
1051
What is the highest common factor of 705 and 10698?
3
Calculate the greatest common factor of 1099710 and 125010.
270
What is the greatest common factor of 3260367 and 792?
99
Calculate the greatest common factor of 4650 and 22586700.
150
Calculate the highest common divisor of 1073865 and 45.
15
What is the greatest common divisor of 72029620 and 5655?
1885
Calculate the highest common divisor of 359570314 and 398.
398
What is the greatest common factor of 4185 and 31765?
5
Calculate the greatest common divisor of 579002 and 15226.
46
Calculate the highest common divisor of 1418955 and 105.
15
Calculate the greatest common divisor of 59432 and 3469020.
1292
What is the greatest common factor of 53792 and 3618496?
1312
Calculate the greatest common factor of 56389205 and 40.
5
What is the highest common factor of 3962 and 6748?
14
Calculate the greatest common factor of 2625742 and 21904.
2738
Calculate the highest common divisor of 791053875 and 45.
45
Calculate the greatest common divisor of 4752 and 5366064.
528
What is the highest common factor of 1719279 and 2997?
999
Calculate the highest common factor of 1228 and 394004.
4
Calculate the greatest common divisor of 12221572 and 1309.
187
Calculate the highest common divisor of 5492 and 1255048316.
5492
Calculate the highest common factor of 33408 and 43137.
9
What is the highest common divisor of 27014 and 273910?
26
Calculate the greatest common factor of 2 and 8226066.
2
Calculate the highest common factor of 1542024 and 144.
72
What is the highest common divisor of 855 and 60268779?
171
Calculate the greatest common divisor of 98 and 25159099.
49
Calculate the highest common divisor of 22664032 and 96.
32
What is the highest common divisor of 924733 and 108143?
2207
Calculate the highest common divisor of 7244725 and 340.
5
What is the highest common divisor of 230115 and 8217440?
3335
What is the highest common factor of 40 and 3293775?
5
What is the highest common factor of 125495 and 245480?
95
What is the greatest common divisor of 146 and 97732984?
146
Calculate the highest common divisor of 4827 and 46023836.
1609
What is the highest common factor of 2963265 and 10095?
15
What is the greatest common factor of 12342971 and 859?
859
What is the greatest common factor of 23651666 and 14?
2
What is the greatest common divisor of 203 and 448262744?
29
Calculate the greatest common divisor of 190 and 6899166.
38
Calculate the highest common factor of 5027 and 730026.
11
What is the highest common divisor of 48 and 35506644?
12
What is the greatest common divisor of 878967 and 1283461?
769
Calculate the greatest common divisor of 1910 and 137850430.
1910
Calculate the greatest common factor of 721 and 2681502.
103
Calculate the greatest common factor of 1176587 and 15487.
17
What is the highest common divisor of 3515 and 2954709?
703
What is the greatest common factor of 52152502 and 652?
326
What is the greatest common divisor of 32211 and 6561?
27
Calculate the highest common factor of 1859 and 154623001.
169
Calculate the highest common divisor of 51697 and 10676.
17
What is the highest common divisor of 3395476 and 28?
28
What is the highest common divisor of 692307078 and 951?
951
What is the highest common divisor of 5589144 and 4392?
72
Calculate the highest common factor of 2035 and 1111055.
55
What is the greatest common divisor of 1338410 and 10370?
170
Calculate the greatest common divisor of 36 and 1686004.
4
Calculate the highest common divisor of 36212075 and 75.
25
What is the highest common factor of 231657560 and 60?
20
What is the highest common factor of 35591728 and 13612?
332
Calculate the highest common factor of 255597876 and 1728.
108
What is the highest common factor of 49675 and 2159869?
1987
Calculate the greatest common factor of 5393991694 and 26.
26
What is the highest common factor of 735224238 and 126?
126
Calculate the highest common factor of 30612 and 101636.
4
What is the highest common divisor of 4352 and 16124672?
256
What is the highest common factor of 446025697 and 13?
13
Calculate the highest common factor of 3545595 and 4230.
45
What is the greatest common divisor of 281000 and 10145224?
2248
What is the highest common factor of 64 and 1115846528?
64
What is the greatest common factor of 21436413 and 453?
453
What is the highest common divisor of 247 and 26899873?
13
What is the highest common factor of 7268 and 631718?
46
What is the greatest common divisor of 1152 and 10271376?
144
Calculate the greatest common factor of 36073975 and 13900.
3475
Calculate the greatest common factor of 2256 and 83227224.
1128
What is the highest common factor of 65742921 and 243?
243
What is the highest common divisor of 21 and 7524601?
7
Calculate the highest common divisor of 113283 and 252.
9
What is the highest common factor of 358 and 593431898?
358
Calculate the greatest common divisor of 22325 and 80490555.
4465
What is the greatest common divisor of 1024 and 612848?
16
Calculate the greatest common divisor of 24822 and 16667.
7
What is the highest common factor of 148599 and 1570635?
1881
Calculate the highest common divisor of 29957114 and 122419.
3949
Calculate the greatest common divisor of 29786503 and 433.
433
What is the highest common factor of 1563 and 1899566?
521
What is the highest common divisor of 60 and 5318560?
20
What is the highest common divisor of 1695 and 3726627?
339
What is the greatest common divisor of 9 and 109575027?
9
What is the highest common factor of 2147652 and 149058?
3042
Calculate the highest common factor of 230 and 4747130.
10
Calculate the highest common divisor of 18 and 13471629.
3
Calculate the highest common divisor of 1764 and 26631108.
1764
Calculate the greatest common factor of 1816512 and 240.
48
Calculate the greatest common divisor of 906664 and 8536.
88
What is the greatest common divisor of 4710765 and 285?
285
Calculate the greatest common factor of 82341784 and 312.
8
Calculate the highest common factor